{"id":64,"date":"2019-12-27T20:23:24","date_gmt":"2019-12-27T19:23:24","guid":{"rendered":"http:\/\/therapie-breve-nantes.fr\/?page_id=64"},"modified":"2026-01-18T16:58:55","modified_gmt":"2026-01-18T15:58:55","slug":"qui-suis-je","status":"publish","type":"page","link":"https:\/\/therapie-breve-nantes.fr\/index.php\/qui-suis-je\/","title":{"rendered":"qui suis-je ? prendre rendez-vous"},"content":{"rendered":"\n<a href=\"https:\/\/www.medoucine.com\/consultation\/nantes\/armel-cusin-gogat\/5677?utm_source=bouton-rdv&#038;utm_medium=pack-com&#038;utm_campaign=armel-cusin-gogat\"><img height=\"47\" \nsrc=\"https:\/\/cdn2.medoucine.com\/pack-communication\/bouton3.png?v=1\" alt=\"Prendre RDV\"\/><\/a>\n\n\n\n<p>Praticien en relation d&rsquo;aide et coach professionnel, je suis form\u00e9 \u00e0 la th\u00e9rapie br\u00e8ve et comportementale selon le mod\u00e8le de Palo Alto et \u00e0 l&rsquo;hypnose ericksonienne. Je suis dipl\u00f4m\u00e9 de l&rsquo;<a href=\"https:\/\/www.igb-mri.com\/\">Institut Gregory Bateson<\/a> (IGB) \u00e0 Paris (partenaire du Mental Research Institute de Palo Alto, lieu de naissance de la th\u00e9rapie br\u00e8ve). Je fais \u00e9galement partie de <a href=\"https:\/\/www.igb-mri.com\/equipe\/\">l&rsquo;\u00e9quipe de th\u00e9rapeutes et d&rsquo;enseignants de l&rsquo;Institut<\/a>. Ma pratique est r\u00e9guli\u00e8rement supervis\u00e9e par mes confr\u00e8res de l&rsquo;IGB.<\/p>\n\n\n\n<p>En compl\u00e9ment d&rsquo;une formation initiale d&rsquo;ing\u00e9nieur, j&rsquo;ai suivi de nombreuses formations continues (psychologie, philosophie, coaching, hypnose, th\u00e9rapie br\u00e8ve \/ \u00e9cole de Palo Alto), enrichies depuis des ann\u00e9es par un travail soutenu de d\u00e9veloppement personnel et de th\u00e9rapie.<\/p>\n\n\n\n<p>Je fais aussi partie des praticiens recommand\u00e9s par Medoucine <img loading=\"lazy\" decoding=\"async\" width=\"80\" height=\"80\" class=\"wp-image-323\" style=\"width: 80px;\" src=\"http:\/\/therapie-breve-nantes.fr\/wp-content\/uploads\/2025\/08\/Medoucine.png\" alt=\"\" srcset=\"https:\/\/therapie-breve-nantes.fr\/wp-content\/uploads\/2025\/08\/Medoucine.png 425w, https:\/\/therapie-breve-nantes.fr\/wp-content\/uploads\/2025\/08\/Medoucine-300x300.png 300w, https:\/\/therapie-breve-nantes.fr\/wp-content\/uploads\/2025\/08\/Medoucine-150x150.png 150w, https:\/\/therapie-breve-nantes.fr\/wp-content\/uploads\/2025\/08\/Medoucine-100x100.png 100w\" sizes=\"auto, (max-width: 80px) 100vw, 80px\" \/><\/p>\n\n\n\n<p><strong>Armel Cusin-Gogat  <\/strong><br>sur Medoucine : cliquez <a aria-label=\" (s\u2019ouvre dans un nouvel onglet)\" href=\"https:\/\/www.medoucine.com\/consultation\/nantes\/armel-cusin-gogat\/5677?utm_source=bouton-rdv&amp;utm_medium=pack-com&amp;utm_campaign=armel-cusin-gogat\" target=\"_blank\" rel=\"noreferrer noopener\">ici<\/a><br>par t\u00e9l\u00e9phone : <a href=\"tel:+33646534917\" target=\"_blank\" rel=\"noreferrer noopener\"> cliquez ici pour m&rsquo;appeler au 0646534917<\/a><\/p>\n\n\n\n<p><strong>Lieu de consultation <\/strong>: je vous re\u00e7ois en pr\u00e9sentiel au 2 chemin de Belle-\u00cele, 44300 Nantes, ou en visioconf\u00e9rence.<br>Plan d&rsquo;acc\u00e8s : <a aria-label=\"ici (s\u2019ouvre dans un nouvel onglet)\" href=\"https:\/\/goo.gl\/maps\/98cP2rWQNWGUN5Qt9\" target=\"_blank\" rel=\"noreferrer noopener\">ici<\/a><\/p>\n\n\n\n<p><strong>Tarif individuel :<\/strong> 68\u20ac (individuel) &#8211; 90\u20ac (couples \/ familles) &#8211; 100\u20ac (coaching professionnel et supervision de pratique) &#8211; Les s\u00e9ances durent entre 1h et 1h15.<br>Si l&rsquo;aspect financier est un obstacle pour vous, contactez-moi pour en parler, tout simplement.<\/p>\n\n\n\n<p><strong>Tarif entreprise : <\/strong>nous consulter<\/p>\n\n\n\n<a href=\"https:\/\/www.medoucine.com\/consultation\/nantes\/armel-cusin-gogat\/5677?utm_source=bouton-rdv&#038;utm_medium=pack-com&#038;utm_campaign=armel-cusin-gogat\"><img height=\"47\" \nsrc=\"https:\/\/cdn2.medoucine.com\/pack-communication\/bouton3.png?v=1\" alt=\"Prendre RDV\"\/><\/a>\n\n\n\n<p><\/p>\n","protected":false},"excerpt":{"rendered":"<p>Praticien en relation d&rsquo;aide et coach professionnel, je suis form\u00e9 \u00e0 la th\u00e9rapie br\u00e8ve et comportementale selon le mod\u00e8le de Palo Alto et \u00e0 l&rsquo;hypnose ericksonienne. Je suis dipl\u00f4m\u00e9 de l&rsquo;Institut Gregory Bateson (IGB) \u00e0 Paris (partenaire du Mental Research Institute de Palo Alto, lieu de naissance de la th\u00e9rapie br\u00e8ve). Je fais \u00e9galement partie &hellip; <\/p>\n<p class=\"link-more\"><a href=\"https:\/\/therapie-breve-nantes.fr\/index.php\/qui-suis-je\/\" class=\"more-link\">Continuer la lecture<span class=\"screen-reader-text\"> de &laquo;&nbsp;qui suis-je ? prendre rendez-vous&nbsp;&raquo;<\/span><\/a><\/p>\n","protected":false},"author":1,"featured_media":0,"parent":0,"menu_order":0,"comment_status":"closed","ping_status":"closed","template":"","meta":{"footnotes":""},"class_list":["post-64","page","type-page","status-publish","hentry"],"_links":{"self":[{"href":"https:\/\/therapie-breve-nantes.fr\/index.php\/wp-json\/wp\/v2\/pages\/64","targetHints":{"allow":["GET"]}}],"collection":[{"href":"https:\/\/therapie-breve-nantes.fr\/index.php\/wp-json\/wp\/v2\/pages"}],"about":[{"href":"https:\/\/therapie-breve-nantes.fr\/index.php\/wp-json\/wp\/v2\/types\/page"}],"author":[{"embeddable":true,"href":"https:\/\/therapie-breve-nantes.fr\/index.php\/wp-json\/wp\/v2\/users\/1"}],"replies":[{"embeddable":true,"href":"https:\/\/therapie-breve-nantes.fr\/index.php\/wp-json\/wp\/v2\/comments?post=64"}],"version-history":[{"count":87,"href":"https:\/\/therapie-breve-nantes.fr\/index.php\/wp-json\/wp\/v2\/pages\/64\/revisions"}],"predecessor-version":[{"id":330,"href":"https:\/\/therapie-breve-nantes.fr\/index.php\/wp-json\/wp\/v2\/pages\/64\/revisions\/330"}],"wp:attachment":[{"href":"https:\/\/therapie-breve-nantes.fr\/index.php\/wp-json\/wp\/v2\/media?parent=64"}],"curies":[{"name":"wp","href":"https:\/\/api.w.org\/{rel}","templated":true}]}}